s -10 + 10101?
10011
In base 5, what is -1 + -11311?
-11312
In base 5, what is 340232 - -4?
340241
In base 15, what is -e - -54b?
53c
In base 9, what is -128 - 3?
-132
In base 11, what is -68 - -26?
-42
In base 3, what is 10 - -10022222?
10100002
In base 15, what is -18 + 1?
-17
In base 9, what is -3 - 1765?
-1768
In base 6, what is -13 - -30035?
30022
In base 13, what is 14c - -4?
153
In base 4, what is 2310 + 11?
2321
In base 13, what is 4 + -12a?
-126
In base 5, what is 10 + -31?
-21
In base 2, what is -10 - -10?
0
In base 2, what is 1 + 111010011001?
111010011010
In base 4, what is -1 + -1102?
-1103
In base 3, what is -10 + 120200?
120120
In base 14, what is 82 - -54?
d6
In base 5, what is 1 - -2330?
2331
In base 14, what is -3 - -3b?
38
In base 9, what is -264 + 3?
-261
In base 14, what is -2c79 + -5?
-2c80
In base 8, what is 10 + 7?
17
In base 3, what is -2 + 1022200?
1022121
In base 4, what is -3 - 10033?
-10102
In base 8, what is 11 + -253?
-242
In base 2, what is 100 - -10010101000?
10010101100
In base 15, what is 111 - 5?
10b
In base 14, what is -7 + -c?
-15
In base 5, what is 1243 + 10?
1303
In base 12, what is 555 - 3?
552
In base 15, what is 22 + a9?
cb
In base 9, what is 153 - 84?
58
In base 5, what is -1 + -10?
-11
In base 13, what is 0 - 4b3?
-4b3
In base 14, what is 2 - 2ac0?
-2abc
In base 9, what is -327 + 14?
-313
In base 2, what is 10011 + 100000?
110011
In base 13, what is -342 + 0?
-342
In base 8, what is -10 - 0?
-10
In base 5, what is 223 + 1023?
1301
In base 16, what is c + -1e0?
-1d4
In base 5, what is -201 + -2?
-203
In base 7, what is 2 + 2003?
2005
In base 8, what is 36 - 176?
-140
In base 10, what is -4 - 46?
-50
In base 6, what is -242 - -10?
-232
In base 3, what is 10001 - 2001?
1000
In base 12, what is -76 - 46?
-100
In base 3, what is 212 + 100?
1012
In base 9, what is 115 - 2?
113
In base 3, what is -1221 + 12?
-1202
In base 10, what is -3 - 0?
-3
In base 7, what is -16 + -1334?
-1353
In base 16, what is 1 + 618?
619
In base 14, what is 51 - -10?
61
In base 9, what is 1181 + -7?
1173
In base 8, what is -12604 + 0?
-12604
In base 5, what is 12 + 11?
23
In base 16, what is 7c + 5?
81
In base 8, what is 135 + -4?
131
In base 13, what is 162 + 4?
166
In base 3, what is -10 + -1010?
-1020
In base 11, what is -19 + 23?
5
In base 13, what is -10b2 - a?
-10bc
In base 15, what is 5 - -cb?
d1
In base 14, what is -2 + 224?
222
In base 12, what is -4 + 128?
124
In base 7, what is -2 - 330?
-332
In base 15, what is 51 + 1?
52
In base 12, what is 77 - -133?
1aa
In base 2, what is 1011 - -100001010?
100010101
In base 2, what is -10111000 - -111?
-10110001
In base 15, what is 1c - -37?
54
In base 3, what is -2122101 - -2?
-2122022
In base 4, what is -2 + 20?
12
In base 4, what is 0 - -202300?
202300
In base 12, what is 0 + 99?
99
In base 10, what is 3 - 597?
-594
In base 11, what is 1 + 20?
21
In base 14, what is -50 - -5?
-49
In base 3, what is -12 - -21201?
21112
In base 5, what is -3 + 2140?
2132
In base 12, what is -23 + -7?
-2a
In base 15, what is -2b - 2?
-2d
In base 11, what is -3 + 3459?
3456
In base 9, what is -107 + 24?
-73
In base 9, what is 2 - 21?
-18
In base 14, what is 3 + -34?
-31
In base 10, what is -37 - 28?
-65
In base 15, what is -28d + -4?
-292
In base 13, what is -2 - a91?
-a93
In base 8, what is -166 + -73?
-261
In base 13, what is -84 - 6?
-8a
In base 6, what is -1 + 330?
325
In base 7, what is -451 - 10?
-461
In base 15, what is 2 + -12?
-10
In base 12, what is -4 + 685?
681
In base 16, what is 1db - -4?
1df
In base 5, what is -1142 + -1?
-1143
In base 5, what is 2 + -240?
-233
In base 3, what is -10002 + 11?
-2221
In base 9, what is -5 - 284?
-300
In base 6, what is -25 + 43?
14
In base 15, what is -1c4 - -3?
-1c1
In base 15, what is -85 + 2?
-83
In base 3, what is 1 - -1102012?
1102020
In base 10, what is -102 + 3?
-99
In base 14, what is 1 + -7dc?
-7db
In base 13, what is -31 + -7?
-38
In base 13, what is -13 - 8a?
-a0
In base 16, what is -4 - 346?
-34a
In base 4, what is 22 - -10?
32
In base 13, what is 6 + -4?
2
In base 6, what is 5401 - 33?
5324
In base 5, what is 113012 + 4?
113021
In base 2, what is 0 + 1010?
1010
In base 3, what is 1211 + 0?
1211
In base 12, what is -864 - 2?
-866
In base 16, what is -79 + 3?
-76
In base 8, what is -4 + -3662?
-3666
In base 3, what is -120012 - -111?
-112201
In base 16, what is -2 - a6?
-a8
In base 4, what is -2132 - -10?
-2122
In base 8, what is -26 + -5?
-33
In base 16, what is 4 - bf?
-bb
In base 12, what is 28 + 6?
32
In base 16, what is 27 + 3?
2a
In base 16, what is 4 - 32?
-2e
In base 3, what is -11 + -1012?
-1100
In base 4, what is -303210 + -1?
-303211
In base 14, what is ab + -a?
a1
In base 14, what is -2a - 198?
-1c4
In base 7, what is -1 - -1114?
1113
In base 12, what is 4 - -49?
51
In base 10, what is -6 - -79?
73
In base 11, what is 5 - 759?
-754
In base 13, what is 84b3 + -4?
84ac
In base 10, what is 147 - 0?
147
In base 16, what is 22 + 2f?
51
In base 10, what is 1003 - -3?
1006
In base 6, what is 5 + 3003?
3012
In base 4, what is 1 - -10110?
10111
In base 4, what is 322 - -103?
1031
In base 5, what is 43030 + -4?
43021
In base 14, what is -36 - -4?
-32
In base 8, what is 1152 - -24?
1176
In base 12, what is 1 - -1?
2
In base 2, what is 10 - 1110?
-1100
In base 6, what is 3 - -30024?
30031
In base 8, what is 505 + -4?
501
In base 2, what is 11 - 10010000111?
-10010000100
In base 15, what is 166a - 5?
1665
In base 14, what is 19 + -30?
-15
In base 16, what is e + -8?
6
In base 9, what is -2468 + 6?
-2462
In base 9, what is 7 + 12?
20
In base 4, what is -3302 - -13?
-3223
In base 3, what is -22010 + -110?
-22120
In base 10, what is -5 + 1931?
1926
In base 9, what is -382 + 28?
-353
In base 14, what is -3 + a?
7
In base 16, what is -3 + 31?
2e
In base 2, what is -100010110111011 + -100?
-100010110111111
In base 14, what is 8 + -b?
-3
In base 3, what is 11 + 1000?
1011
In base 11, what is 5 - -72?
77
In base 8, what is 637 - 6?
631
In base 16, what is 8f + 5?
94
In base 15, what is -1 + 736?
735
In base 4, what is 3302 + -1?
3301
In base 8, what is -2 - 3316?
-3320
In base 6, what is 0 + 12315?
12315
In base 2, what is 101111010011 + 0?
101111010011
In base 3, what is 2020 - 112?
1201
In base 9, what is 124 + 1?
125
In base 3, what is 100 + -2000?
-1200
In base 2, what is 11 - 1010001?
-1001110
In base 8, what is 2 - -20475?
20477
In base 10, what is 11 - 0?
11
In base 16, what is -60 + 4?
-5c
In base 13, what is -1a - b?
-28
In base 3, what is -11201 + -12?
-11220
In base 15, what is -3a + 5?
-35
In base 11, what is 27 - 63?
-37
In base 11, what is -24 - 81?
-a5
In base 3, what is 0 - 10220?
-10220
In base 9, what is 7163 + 5?
7168
In base 10, what is 19 - 4?
15
In base 10, what is -32 + 45?
13
In base 11, what is 47 - 9?
39
In base 12, what is 1447 - -1?
1448
In base 12, what is 77 - 4b?
28
In base 13, what is b - 292?
-284
In base 14, what is -4 + -18c?
-192
In base 14, what is c + 5?
13
In base 2, what is 101 - 101110?
-101001
In base 2, what is -101 + -11101111?
-11110100
In base 16, what is 5b + -1?
5a
In base 13, what is -3 - -c8?
c5
In base 2, what is 100 + -10010111?
-10010011
In base 12, what is 8 - -a6?
b2
In base 11, what is 123 + 12?
135
In base 4, what is 30 - 100?
-10
In base 15, what is -9 - 156?
-160
In base 14, what is d - -369?
378
In base 16, what is 3 - -604?
607
In base 9, what is -14 + -106?
-121
In base 13, what is 1 - -6b?
6c
In base 6, what is -105 + 34?
-31
In base 6, what is -23 - 10542?
-11005
In base 14, what is 4 - b76?
-b72
In base 13, what is -3144 - 2?
-3146
In base 13, what is 96 + 2?
98
In base 13, what is -166 - -2?
-164
In base 12, what is -26 - 125?
-14b
In base 2, what is -1 - 11011001?
-11011010
In base 12, what is -3b - -1?
-3a
In base 4, what is 23 - -210003?
210032
In base 11, what is -4 + -75?
-79
In base 5, what is 2 - 3323?
-3321
In base 16, what is -11 - -63?
52
In base 11, what is -4 - 86?
-8a
In base 14, what is -3 - -2a6?
2a3
In base 7, what is -11 - 406?
-420
In base 14, what is 3 + 1b2?
1b5
In base 14, what is b - -6?
13
In base 5, what is 3 - -1113?
1121
In base 8, what is 1016 - -6?
1024
In base 8, what is -24 + 27?
3
In base 16, what is 5b6 + -4?
5b2
In base 2, what is 101 + -110?
-1
In